{"id":364,"date":"2020-08-25T12:13:15","date_gmt":"2020-08-25T12:13:15","guid":{"rendered":"http:\/\/www.sailingdreams.cz\/?page_id=364"},"modified":"2024-03-25T17:23:20","modified_gmt":"2024-03-25T17:23:20","slug":"adventure-plavby","status":"publish","type":"page","link":"https:\/\/www.sailingdreams.cz\/?page_id=364","title":{"rendered":"ADVENTURE PLAVBY"},"content":{"rendered":"\t\t<div data-elementor-type=\"wp-page\" data-elementor-id=\"364\" class=\"elementor elementor-364\" data-elementor-settings=\"[]\">\n\t\t\t\t\t\t<div class=\"elementor-inner\">\n\t\t\t\t\t\t\t<div class=\"elementor-section-wrap\">\n\t\t\t\t\t\t\t<section class=\"elementor-section elementor-top-section elementor-element elementor-element-3613a73 elementor-section-boxed elementor-section-height-default elementor-section-height-default\" data-id=\"3613a73\" data-element_type=\"section\">\n\t\t\t\t\t\t<div class=\"elementor-container elementor-column-gap-default\">\n\t\t\t\t\t\t\t<div class=\"elementor-row\">\n\t\t\t\t\t<div class=\"elementor-column elementor-col-100 elementor-top-column elementor-element elementor-element-776b7ea\" data-id=\"776b7ea\" data-element_type=\"column\">\n\t\t\t<div class=\"elementor-column-wrap elementor-element-populated\">\n\t\t\t\t\t\t\t<div class=\"elementor-widget-wrap\">\n\t\t\t\t\t\t<div class=\"elementor-element elementor-element-f9085d7 elementor-widget elementor-widget-text-editor\" data-id=\"f9085d7\" data-element_type=\"widget\" data-widget_type=\"text-editor.default\">\n\t\t\t\t<div class=\"elementor-widget-container\">\n\t\t\t\t\t<div class=\"elementor-text-editor elementor-clearfix\"><p>Pro p\u0159\u00edznivce z\u00e1\u017eitkov\u00fdch adventure plaveb p\u0159ipravujeme ka\u017ed\u00fd rok st\u0159edn\u011b n\u00e1ro\u010dn\u00e9 desetidenn\u00ed a\u017e \u010dtrn\u00e1ctidenn\u00ed plavby&nbsp; z vesni\u010dky Korfos \u2013 nedaleko Korintu k r\u016fzn\u00fdm vzd\u00e1len\u011bj\u0161\u00edm c\u00edl\u016fm , Mohou jimi b\u00fdt z\u00e1padn\u00ed a centr\u00e1ln\u00ed Kyklady \u010di Santorini ,pop\u0159\u00edpad\u011b a\u017e plavba na Kr\u00e9tu nebo Dodekany.&nbsp; Ka\u017ed\u00fd rok po\u0159\u00e1d\u00e1me alespo\u0148 jedno obeplut\u00ed Pelopon\u011bsu . Plavby jsou ur\u010deny pro v\u0161echny jachta\u0159e i za\u010d\u00e1te\u010dn\u00edky. I kdy\u017e se jedn\u00e1 o plavby s kapit\u00e1nem, p\u0159edpokl\u00e1d\u00e1 se zde va\u0161e \u00fa\u010dast p\u0159i ovl\u00e1d\u00e1n\u00ed lod\u011b, dr\u017een\u00ed hl\u00eddek a ve\u0161ker\u00e9 \u00fakony spojen\u00e9 s plavbou v\u010detn\u011b st\u0159\u00eddav\u00e9 slu\u017eby v kuchyni. Standartn\u00ed plavbou b\u00fdvaj\u00ed n\u00e1dhern\u00e9 z\u00e1padn\u00ed Kyklady od severu k jihu v po\u0159ad\u00ed Kea, Kythnos, Seriphos, pop\u0159\u00edpad\u011b Siphnos a Milos . Ka\u017ed\u00fd z nich je specifick\u00fd. Pozn\u00e1v\u00e1me jejich mal\u00e9 vesni\u010dky a klidn\u00e9 z\u00e1toky. Je \u010das i na prozkoum\u00e1n\u00ed vnitrozem\u00ed minim\u00e1ln\u011b jednoho ostrova na sk\u016ftrech \u010di p\u011b\u0161ky . V druh\u00e9 polovin\u011b plavby se obrac\u00edme k z\u00e1padu a plujeme a\u017e k nejbli\u017e\u0161\u00edmu pelopon\u00e9sk\u00e9mu prstu, konkr\u00e9tn\u011b do Monemv\u00e1sie, \u0159eck\u00e9ho Gibraltaru s kouzeln\u00fdm st\u0159edov\u011bk\u00fdm m\u011bstem na sk\u00e1le. N\u00e1vrat b\u00fdv\u00e1 p\u0159es Hydru a Poros.<\/p><p><span style=\"font-family: &quot;Open Sans&quot;, sans-serif; font-size: 14px; font-style: normal;\">Ceny speci\u00e1ln\u00edch plaveb jsou stanoveny individu\u00e1ln\u011b pro jednotliv\u00e9 plavby.&nbsp;<\/span><span style=\"font-size: 14px; letter-spacing: 0px;\">Pro z\u00e1jemce m\u00e1me p\u0159ipraven\u00e9 z\u00e1kladn\u00ed informace a rozpo\u010dty. Pi\u0161te si o n\u011b na Messengeru \u010di tel.: +420777084031. Aktu\u00e1ln\u00ed ud\u00e1losti sledujte na na\u0161em <\/span><a href=\"https:\/\/www.facebook.com\/pg\/plavby.kurzy.charter.delivery.opravy\/events\/?ref=page_internal\" style=\"font-size: 14px; letter-spacing: 0px;\">FACEBOOKU<\/a><\/p><\/div>\n\t\t\t\t<\/div>\n\t\t\t\t<\/div>\n\t\t\t\t\t\t<\/div>\n\t\t\t\t\t<\/div>\n\t\t<\/div>\n\t\t\t\t\t\t\t\t<\/div>\n\t\t\t\t\t<\/div>\n\t\t<\/section>\n\t\t\t\t\t\t<\/div>\n\t\t\t\t\t\t<\/div>\n\t\t\t\t\t<\/div>\n\t\t","protected":false},"excerpt":{"rendered":"<p>Pro p\u0159\u00edznivce z\u00e1\u017eitkov\u00fdch adventure plaveb p\u0159ipravujeme ka\u017ed\u00fd rok st\u0159edn\u011b n\u00e1ro\u010dn\u00e9 desetidenn\u00ed a\u017e \u010dtrn\u00e1ctidenn\u00ed plavby&nbsp; z vesni\u010dky Korfos \u2013 nedaleko Korintu k r\u016fzn\u00fdm vzd\u00e1len\u011bj\u0161\u00edm c\u00edl\u016fm , Mohou jimi b\u00fdt z\u00e1padn\u00ed a centr\u00e1ln\u00ed Kyklady \u010di Santorini ,pop\u0159\u00edpad\u011b a\u017e plavba na Kr\u00e9tu nebo Dodekany.&nbsp; Ka\u017ed\u00fd rok po\u0159\u00e1d\u00e1me alespo\u0148 jedno obeplut\u00ed Pelopon\u011bsu . Plavby jsou ur\u010deny pro v\u0161echny jachta\u0159e<\/p>\n","protected":false},"author":1,"featured_media":0,"parent":7,"menu_order":0,"comment_status":"closed","ping_status":"closed","template":"","meta":[],"_links":{"self":[{"href":"https:\/\/www.sailingdreams.cz\/index.php?rest_route=\/wp\/v2\/pages\/364"}],"collection":[{"href":"https:\/\/www.sailingdreams.cz\/index.php?rest_route=\/wp\/v2\/pages"}],"about":[{"href":"https:\/\/www.sailingdreams.cz\/index.php?rest_route=\/wp\/v2\/types\/page"}],"author":[{"embeddable":true,"href":"https:\/\/www.sailingdreams.cz\/index.php?rest_route=\/wp\/v2\/users\/1"}],"replies":[{"embeddable":true,"href":"https:\/\/www.sailingdreams.cz\/index.php?rest_route=%2Fwp%2Fv2%2Fcomments&post=364"}],"version-history":[{"count":8,"href":"https:\/\/www.sailingdreams.cz\/index.php?rest_route=\/wp\/v2\/pages\/364\/revisions"}],"predecessor-version":[{"id":441,"href":"https:\/\/www.sailingdreams.cz\/index.php?rest_route=\/wp\/v2\/pages\/364\/revisions\/441"}],"up":[{"embeddable":true,"href":"https:\/\/www.sailingdreams.cz\/index.php?rest_route=\/wp\/v2\/pages\/7"}],"wp:attachment":[{"href":"https:\/\/www.sailingdreams.cz\/index.php?rest_route=%2Fwp%2Fv2%2Fmedia&parent=364"}],"curies":[{"name":"wp","href":"https:\/\/api.w.org\/{rel}","templated":true}]}}