{"id":148,"date":"2020-06-05T16:23:00","date_gmt":"2020-06-05T16:23:00","guid":{"rendered":"http:\/\/www.sailingdreams.cz\/?page_id=148"},"modified":"2024-03-26T11:15:58","modified_gmt":"2024-03-26T11:15:58","slug":"charter-bez-kapitana","status":"publish","type":"page","link":"https:\/\/www.sailingdreams.cz\/?page_id=148","title":{"rendered":"CHARTER BEZ KAPIT\u00c1NA"},"content":{"rendered":"\t\t<div data-elementor-type=\"wp-page\" data-elementor-id=\"148\" class=\"elementor elementor-148\" data-elementor-settings=\"[]\">\n\t\t\t\t\t\t<div class=\"elementor-inner\">\n\t\t\t\t\t\t\t<div class=\"elementor-section-wrap\">\n\t\t\t\t\t\t\t<section class=\"elementor-section elementor-top-section elementor-element elementor-element-cf94686 elementor-section-boxed elementor-section-height-default elementor-section-height-default\" data-id=\"cf94686\" data-element_type=\"section\">\n\t\t\t\t\t\t<div class=\"elementor-container elementor-column-gap-default\">\n\t\t\t\t\t\t\t<div class=\"elementor-row\">\n\t\t\t\t\t<div class=\"elementor-column elementor-col-100 elementor-top-column elementor-element elementor-element-7f1a18a\" data-id=\"7f1a18a\" data-element_type=\"column\">\n\t\t\t<div class=\"elementor-column-wrap elementor-element-populated\">\n\t\t\t\t\t\t\t<div class=\"elementor-widget-wrap\">\n\t\t\t\t\t\t<div class=\"elementor-element elementor-element-41738be elementor-widget elementor-widget-text-editor\" data-id=\"41738be\" data-element_type=\"widget\" data-widget_type=\"text-editor.default\">\n\t\t\t\t<div class=\"elementor-widget-container\">\n\t\t\t\t\t<div class=\"elementor-text-editor elementor-clearfix\"><p style=\"text-align: left;\">Pokud jsou va\u0161e schopnosti a kvalifikace dostate\u010dn\u00e9, nab\u00edz\u00edme pron\u00e1jem plachetnice Jeanneau Sun Odyssey 42.2 ESET bez kapit\u00e1na.&nbsp;<\/p>\n<p>Tedy jen pro v\u00e1s ,Va\u0161\u00ed rodinu ,\u010di skupinu p\u0159\u00e1tel<\/p>\n<p><span style=\"font-size: 14px; letter-spacing: 0px;\">Ppednost\u00ed ESET je variabiln\u00ed p\u0159\u00ed\u010fov\u00e1 kajuta s bo\u010dn\u00ed palandovou kajutou. Maxim\u00e1ln\u011b pojme 10 lid\u00ed, velice pohodln\u00e1 pro 6-7 osob. Vzhledem k po\u017eadavk\u016fm \u0159eck\u00e9ho z\u00e1kona ji nabiz\u00edme pod \u0159eckou firmou ESET sailing N.e.p.a.&nbsp;<\/span><\/p>\n<p><span style=\"font-size: 14px; letter-spacing: 0px;\">&nbsp;Jen p\u0159ipom\u00edn\u00e1me \u017ee od roku 2024 nejsou pro zap\u016fj\u010den\u00ed lodi v \u0158ecku validn\u00ed z\u00e1kladn\u00ed chorvatsk\u00e9 licence ani licence RYA day skipper.&nbsp; &nbsp;<\/span><\/p>\n<p>Z\u00e1kladnu v z\u00e1toce Korfos pobl\u00ed\u017e Korintu.<\/p>\n<p>Cena lodi na t\u00fdden je 1600 EUR v hlavni sez\u00f3n\u011b. Mimo sez\u00f3nu dohodou.&nbsp; Na m\u00edst\u011b se plat\u00ed tranzitlog ve v\u00fd\u0161i 200 EUR. Kauce je ve v\u00fd\u0161i 1000 EUR. Kauci lze pojistit nevratnou pojistkou.<\/p>\n<p><strong>Technick\u00e9 \u00fadaje lodi:<\/strong><\/p>\n<p>L.O.A.: 12,5 m<br>\u0161\u00ed\u0159ka: 4,05 m<br>ponor: 1,9 m<br>v\u00fdtlak: 9800 kg<br>palivo: 300 l<br>voda: 3*120 l<br>r.v.: 1999<br>kajuty\/l\u016f\u017eka: 4\/10 + salon<br>motor: \u010dty\u0159v\u00e1lec Yanmar<\/p>\n<p>trojlist\u00fd propeler, jedno kormidlo, gena na rolfoku, sp\u00edrov\u00e1 hlavn\u00ed plachta s t\u0159emi klasick\u00fdmi refy, va\u0159i\u010d s troubou, prostorn\u00e1 lednice, dv\u011b toalety, jedna z nich s koupelnou. Sklopen\u00edm stolu v salonu vznik\u00e1 prostorn\u00e9 dvoul\u016f\u017eko. Ve\u0161ker\u00e9 bezpe\u010dnostn\u00ed vybaven\u00ed dle z\u00e1kona, Pol\u0161t\u00e1\u0159e, deky, povle\u010den\u00ed a z\u00e1v\u011bre\u010dn\u00fd \u00faklid v cen.<\/p>\n<p><span style=\"font-family: Raleway, sans-serif; font-size: 14px; font-style: normal;\">Kontaktujte n\u00e1s v p\u0159\u00edpad\u011b z\u00e1jmu o jak\u00fdkoli term\u00edn&nbsp;<\/span><br><\/p><\/div>\n\t\t\t\t<\/div>\n\t\t\t\t<\/div>\n\t\t\t\t\t\t<\/div>\n\t\t\t\t\t<\/div>\n\t\t<\/div>\n\t\t\t\t\t\t\t\t<\/div>\n\t\t\t\t\t<\/div>\n\t\t<\/section>\n\t\t\t\t\t\t<\/div>\n\t\t\t\t\t\t<\/div>\n\t\t\t\t\t<\/div>\n\t\t","protected":false},"excerpt":{"rendered":"<p>Pokud jsou va\u0161e schopnosti a kvalifikace dostate\u010dn\u00e9, nab\u00edz\u00edme pron\u00e1jem plachetnice Jeanneau Sun Odyssey 42.2 ESET bez kapit\u00e1na.&nbsp; Tedy jen pro v\u00e1s ,Va\u0161\u00ed rodinu ,\u010di skupinu p\u0159\u00e1tel Ppednost\u00ed ESET je variabiln\u00ed p\u0159\u00ed\u010fov\u00e1 kajuta s bo\u010dn\u00ed palandovou kajutou. Maxim\u00e1ln\u011b pojme 10 lid\u00ed, velice pohodln\u00e1 pro 6-7 osob. Vzhledem k po\u017eadavk\u016fm \u0159eck\u00e9ho z\u00e1kona ji nabiz\u00edme pod \u0159eckou firmou<\/p>\n","protected":false},"author":1,"featured_media":0,"parent":7,"menu_order":0,"comment_status":"closed","ping_status":"closed","template":"","meta":[],"_links":{"self":[{"href":"https:\/\/www.sailingdreams.cz\/index.php?rest_route=\/wp\/v2\/pages\/148"}],"collection":[{"href":"https:\/\/www.sailingdreams.cz\/index.php?rest_route=\/wp\/v2\/pages"}],"about":[{"href":"https:\/\/www.sailingdreams.cz\/index.php?rest_route=\/wp\/v2\/types\/page"}],"author":[{"embeddable":true,"href":"https:\/\/www.sailingdreams.cz\/index.php?rest_route=\/wp\/v2\/users\/1"}],"replies":[{"embeddable":true,"href":"https:\/\/www.sailingdreams.cz\/index.php?rest_route=%2Fwp%2Fv2%2Fcomments&post=148"}],"version-history":[{"count":14,"href":"https:\/\/www.sailingdreams.cz\/index.php?rest_route=\/wp\/v2\/pages\/148\/revisions"}],"predecessor-version":[{"id":480,"href":"https:\/\/www.sailingdreams.cz\/index.php?rest_route=\/wp\/v2\/pages\/148\/revisions\/480"}],"up":[{"embeddable":true,"href":"https:\/\/www.sailingdreams.cz\/index.php?rest_route=\/wp\/v2\/pages\/7"}],"wp:attachment":[{"href":"https:\/\/www.sailingdreams.cz\/index.php?rest_route=%2Fwp%2Fv2%2Fmedia&parent=148"}],"curies":[{"name":"wp","href":"https:\/\/api.w.org\/{rel}","templated":true}]}}